e highest common factor of 16 and m?
2
Let q = -2 + 5. Suppose 5*l - q*k - 8 = 4*l, -16 = -2*l + k. Calculate the highest common divisor of 2 and l.
2
Let r = -18 + -4. Let v be 2/4 - r/(-4). Let q be (-496)/v - 4/20. What is the highest common divisor of q and 11?
11
Suppose 222 = l - 3*k, -4*l + 200 + 724 = -3*k. Calculate the highest common factor of l and 26.
26
Suppose -5*w = -0*w - 35. What is the highest common factor of 7 and w?
7
Let i = -20 + 22. What is the highest common factor of 18 and i?
2
Let x(c) = -11*c - 1. Let a(z) = z**2 + 4*z - 2. Let i be a(-4). Let h be x(i). Let u = 7 - 4. Calculate the greatest common divisor of h and u.
3
Let l = 1 - -17. Suppose -2*y = -3*y + l. What is the highest common divisor of y and 144?
18
Let m = -6 + 2. Let w be 8/m*2/(-1). Let f be (2/4)/((-3)/(-24)). Calculate the highest common factor of w and f.
4
Let i be 1 + 0 - 0/9. Calculate the greatest common divisor of i and 4.
1
Let c = -60 + 100. Suppose -n = 3*n - c. Calculate the highest common divisor of 5 and n.
5
Suppose -48 = -2*f - 2*f. Suppose -f = -l - l. Calculate the highest common factor of 9 and l.
3
Let f be 2 - (-2 - 2 - 0). Calculate the highest common factor of f and 10.
2
Let j(g) = -g**2 + 8*g - 8. Let l be j(6). Let m = 3 - 3. Suppose -3*i + 3 + 0 = m. Calculate the greatest common factor of l and i.
1
Let z(a) = a**2 - a + 1. Let h(b) = -b**3 - 13*b**2 - 5*b + 10. Let d(g) = h(g) - z(g). Let j be d(-14). Calculate the highest common factor of 26 and j.
13
Suppose -p - p + 4 = 0. Let d be p/7 - 24/(-14). Suppose 2*a + d = 20. What is the highest common factor of a and 27?
9
Let t(c) = -3*c - 8. Let s be t(-4). Suppose 168 = s*y + 2*k - 54, -y + 59 = -3*k. Calculate the greatest common factor of 8 and y.
8
Let m = -46 - -62. What is the highest common divisor of 16 and m?
16
Suppose -4*v = 2*z - 28, -3*v - 8 = 7. Calculate the greatest common divisor of 48 and z.
24
Let p = -7 + 15. Let b be p/44 + (-4154)/(-22). What is the highest common divisor of 21 and b?
21
Let f(g) = 2*g**2 + 2*g**3 + 3*g**3 + 5*g**3 + 0*g**3 + g. Let h be f(2). What is the highest common divisor of 18 and h?
18
Let b = -36 + 153. Let y be (26/(-6))/(5/(-15)). What is the highest common divisor of b and y?
13
Let z be 3/(-2)*256/(-6). Suppose z = 3*m - m. Calculate the highest common divisor of 80 and m.
16
Let y = 60 + -30. What is the highest common factor of 20 and y?
10
Let n(z) = 42*z**2 - z + 1. Let w be n(1). Let c = 0 - -6. What is the highest common factor of c and w?
6
Let v = 13 + -3. Calculate the highest common divisor of v and 90.
10
Suppose -64 = -2*c - 2*c. Let j be ((-342)/4)/((-8)/c). What is the greatest common factor of 19 and j?
19
Suppose 0 = -2*u - 0*u + 8. Let k = 60 - u. What is the greatest common divisor of 8 and k?
8
Let w = 127 + -76. What is the greatest common factor of w and 17?
17
Let b = 77 + 67. Suppose 3*j + 2*p + 5 = 108, -4*j + 4*p = -b. Suppose -6*a + a = -j. Calculate the greatest common factor of a and 7.
7
Let x(d) = d**3 - 3*d. Let i be x(3). Suppose 0 = -5*z + 301 - 211. What is the greatest common divisor of i and z?
18
Let p be 13/(-3) - 3/(-9). Let g be (p/6)/(3/(-45)). Suppose 5*d - 2*l - 171 = 183, -d - 2*l = -66. Calculate the greatest common factor of g and d.
10
Let y = -47 - -68. Calculate the highest common factor of 189 and y.
21
Suppose -2*i = 3*t - 364, 8*i = 2*t + 5*i - 234. What is the greatest common factor of 48 and t?
24
Suppose 41 = 9*d - 13. Calculate the highest common factor of d and 3.
3
Let a be ((-6)/(-4))/(14/56). Calculate the highest common divisor of a and 4.
2
Let f(o) = o**2 - 14*o - 4. Let k be f(19). Suppose 3*i - k = 59. What is the greatest common divisor of 20 and i?
10
Suppose 2*c + 483 = 4*q + c, 3*q = 5*c + 375. Calculate the greatest common factor of 30 and q.
30
Let z(i) = -5*i - 2. Let b be z(-6). Suppose 0 = s - 17 - b. Calculate the greatest common divisor of s and 15.
15
Suppose 2*c - 87 = -y, 4*c - 4*y - 121 = 59. Calculate the highest common factor of c and 66.
22
Let r be 2/(-3)*24/(-2). Suppose 0 = t - 0*t - r. Let w = 13 - t. Calculate the greatest common divisor of 1 and w.
1
Suppose 37 = 3*o + 4*v, 4*o - 5*v = -o + 50. Let r be (-2)/(-7) + 38/14. Let t = 4 - r. Calculate the highest common divisor of t and o.
1
Let k be (-2 - 1)*(1 - 4). What is the greatest common divisor of k and 72?
9
Let f be (12/(-10))/((-2)/60). Let t be ((-1)/(-2))/(6/f). Suppose -4*n = -5*n + 33. What is the highest common divisor of n and t?
3
Suppose -60 = -a - 13. Let s = -15 + a. Suppose 2*l + 6*v - 20 = 4*v, 5*l = v + s. What is the highest common divisor of 63 and l?
7
Suppose -5*h = -3*w - 455, -2*h - 3*w = 2*h - 337. Suppose -292 - h = -5*v. Calculate the greatest common divisor of v and 19.
19
Suppose -3*o + 84 = 3*o. What is the highest common factor of 21 and o?
7
Let i be 3 - (1 - (2 - 2)). What is the greatest common factor of 1 and i?
1
Let s be 5 + -1 + 5 + 0. What is the highest common factor of s and 45?
9
Let h(f) = 3*f**2 + 17*f + 18. Let x(p) = p**2 + 6*p + 6. Let c(u) = 4*h(u) - 11*x(u). Let l be c(-4). What is the greatest common divisor of 14 and l?
14
Suppose -5*u + 6 = -2*u. Suppose 5*s - 30 = 5*v, -u*v + v = -5*s + 42. What is the highest common divisor of 81 and s?
9
Let q = 44 + -24. Suppose 0 = 4*s - 3*s + x - 124, 5*x - q = 0. Let r be 0 + 2 + 1 + 9. Calculate the highest common factor of r and s.
12
Suppose -9*q + 13*q - 444 = 0. Calculate the highest common divisor of 37 and q.
37
Let m(h) = -1 + 2 + 1 + 8*h + 1. Let v be m(-2). Let f = 25 + v. What is the greatest common divisor of f and 84?
12
Let d = 1 - 3. Let k = d + 4. What is the greatest common divisor of 2 and k?
2
Let l = 656 + -246. Let p = -250 + l. What is the greatest common factor of 20 and p?
20
Suppose 0*w - w + 3 = 0. Suppose -264 = -w*x - 2*j, 5*j - 4*j = -3. What is the highest common factor of 10 and x?
10
Let g = 41 - 22. What is the greatest common divisor of 95 and g?
19
Let s = 15 + -14. Let z = s - -7. What is the highest common factor of 2 and z?
2
Let t = -2 - 0. Let s be ((-21)/(-6))/(t/(-44)). Let m = 5 + 2. Calculate the highest common divisor of s and m.
7
Let f = 60 - 42. Calculate the greatest common divisor of f and 90.
18
Let c = 14 + -26. Let o be 4/16 + (-753)/c. Calculate the greatest common divisor of 7 and o.
7
Suppose 0*o - n = -2*o - 10, -2*o - n - 6 = 0. Let k be 5/((o/(-38))/2). Let i = -41 + 60. Calculate the greatest common divisor of k and i.
19
Let y = 163 + -141. Calculate the greatest common factor of y and 22.
22
Let p = 120 + -217. Let n = p - -52. Let a = -15 - n. Calculate the highest common factor of 10 and a.
10
Let d(c) = c**3 + 8*c**2 + 1. Let k be d(-7). Let l be 10/(-2 - (0 + -3)). Calculate the greatest common divisor of k and l.
10
Let f = 338 + -86. Let r(j) = 32*j - 284. Let o be r(10). Calculate the highest common divisor of o and f.
36
Let f be (-4*(-18)/32)/(3/16). Let o = -159 - -328. Let l = o - 109. What is the highest common factor of l and f?
12
Suppose 3*q = 12, -z + 59 + 45 = -q. Let j = 5 - -9. Let a = -2 + j. What is the greatest common factor of a and z?
12
Suppose -2*h - 212 = j, -78 = 4*h - j + 334. Let v be h/(-6) - 2/6. What is the highest common divisor of 85 and v?
17
Let g be (-222)/27 - (-6)/27. Let u be ((-9)/6)/(2/g). What is the greatest common divisor of 6 and u?
6
Suppose 3*s = 5*y - s - 7, 0 = -5*y + s + 13. Suppose -2*o + 15 = y*o. Suppose 0 = p + o*p - 36. What is the greatest common divisor of p and 99?
9
Let t(r) = 3*r + 3. Let l be t(-3). Let s be 7 + -8 - (-1 + l). Calculate the greatest common divisor of s and 2.
2
Let w(v) = -v**3 - 14*v**2 - 7*v - 18. Let p be w(-14). Suppose -5*a = 5*g - p, 2*a - a = -3*g + 44. What is the greatest common factor of 21 and g?
7
Let a(c) = -c**3 - 6*c**2 - 4*c - 4. Let d be a(-6). What is the greatest common factor of d and 10?
10
Let d(t) = t + 13. Let v be d(-7). What is the highest common factor of v and 24?
6
Let m(n) = n**2 - 3*n - 7. Let c be m(-4). What is the highest common factor of 147 and c?
21
Let t be -2 + (-9)/((-45)/530). Calculate the highest common factor of t and 8.
8
Let y be 10/35 - (-24)/14. Suppose -3*o - 3 = g - 2, -3*o - 43 = -y*g. What is th